g - i - 7. Suppose -2*a = -7 - g. Suppose 108 = 8*r - a*r. What are the prime factors of r?
3
Let b(a) = -a**2 - 7*a - 5. Let v be b(-7). Let u(i) = 10*i**2 - 8*i - 8. List the prime factors of u(v).
2, 3, 47
Suppose -9*v + 481 = 76. What are the prime factors of v?
3, 5
Suppose -396*x = -389*x - 5698. List the prime factors of x.
2, 11, 37
Let r(o) = -36*o**3 + 6*o**2 - 3*o. List the prime factors of r(-3).
3, 5, 23
Let i be (-6)/(-5)*38400/72. Suppose -5*w - i = -5*z, -3*w = -4*w + 5. List the prime factors of z.
7, 19
List the prime factors of 378 - (5 + -7 - -4).
2, 47
Let i = 71 + -69. Suppose -4*z + 118 = i*p, 4*p = 6*z - 2*z - 148. What are the prime factors of z?
2
Suppose -2 = -3*k + 4. Let c be (-58)/(-7) - 34/119. Suppose k = 9*p - c*p. List the prime factors of p.
2
Let a be (4 + 78)/(-1 + 0). Let j be (-3*1)/((-24)/(-256)). Let n = j - a. What are the prime factors of n?
2, 5
Suppose -2*q + 507 - 153 = 3*r, 3*q = -5*r + 591. Let g = r - 18. Suppose -5*m + 133 + g = 0. List the prime factors of m.
47
Let a(l) = l**2 - 2*l + 3. Let c be a(2). Let k = c + 1. Suppose 0 = -p - 2*z + z + 43, -4*p + k*z = -172. What are the prime factors of p?
43
Let w(t) = -t**2 - 10*t - 1. Suppose -7*y + 9 = -2*o - 2*y, 4*y = o + 3. Let s be w(o). List the prime factors of (-34)/(-5) - (-4)/s.
7
Let v = -15 + 8. Let j be v/(-21) + (-125)/(-3). Let c = j - 13. What are the prime factors of c?
29
Let l = 3 - 6. Let p = l - -7. Suppose -11 = -p*k - 3. What are the prime factors of k?
2
Let s be 27/9 - 0*(-3)/(-6). Suppose 0 = 3*u + 2*q - 19, -3*q + s = -3. What are the prime factors of u?
5
List the prime factors of (-4)/9 + 78648/54.
2, 7, 13
Let x(d) = -d**3 + 4*d**2 - 2*d - 2. Let k be x(3). List the prime factors of (k - -2 - 0)/(12 - 11).
3
Let w = -462 + 809. List the prime factors of w.
347
Let q(x) = 1 - 1 + 8*x - 4*x**2 - 3*x**2 - x**3. List the prime factors of q(-9).
2, 3, 5
Let d = -14 + 16. List the prime factors of (d/3)/(2/219).
73
Let q(t) = -t**2 + 11*t + 1. Let h be q(7). Let b = h + -22. List the prime factors of b.
7
Let v(f) = -f + 22. Let j be v(24). Let t(o) = -27*o - 8. List the prime factors of t(j).
2, 23
Let s = -51 + 52. What are the prime factors of ((-2)/3)/(8/(-684)*s)?
3, 19
Let n be 2/(-2*(-8)/40). Suppose -8*v = b - 4*v - 28, 4*b + 3*v = 138. Suppose 0 = -3*k - 0*g - n*g + b, 4*k - g - 71 = 0. What are the prime factors of k?
17
Let i(d) = -d**3 + 9*d**2 + 10. Let c be i(8). Let z = 198 - c. Let j = z - 76. List the prime factors of j.
2, 3
List the prime factors of (72/8)/(5*(-5)/(-3800)).
2, 3, 19
Suppose -3*v + 24 = 2*u + 2*u, 3*v = 0. Let f(q) = 5*q - 4. List the prime factors of f(u).
2, 13
Let y(u) be the third derivative of -u**6/20 + u**3/6 + 5*u**2. What are the prime factors of y(-1)?
7
Suppose 5*q + 5667 = 28557. What are the prime factors of q?
2, 3, 7, 109
Let s(l) be the first derivative of -l**3/3 - 7*l**2/2 + 8*l - 6. Let j be s(-9). Let x = j - -32. What are the prime factors of x?
2, 11
Suppose 0 = 2*r + 5*m - 6*m - 5, -20 = 4*r + 4*m. Suppose -k - 3 + 86 = r. List the prime factors of k.
83
Let a = -7144 + 10065. List the prime factors of a.
23, 127
Suppose 3958 = 4*l - 758. List the prime factors of l.
3, 131
Let g = -1359 + 1917. Suppose -5*b = 4*b - g. What are the prime factors of b?
2, 31
Suppose -2132 = -48*j + 44*j. What are the prime factors of j?
13, 41
Suppose 0 = -11*h + 13*h - 924. List the prime factors of h.
2, 3, 7, 11
Let u(g) = 3*g**2 + 2*g - 1. Let c be u(1). Suppose -2*m + 4*y + 345 = y, 692 = c*m - 4*y. Let x = m - 109. List the prime factors of x.
5, 13
Let i be -71*(4/3)/1*18. List the prime factors of 6/9*i/(-16).
71
Let r = -1084 + 1764. List the prime factors of r.
2, 5, 17
List the prime factors of (-1)/4 + 61638*(-10)/(-240).
2, 3, 107
Let o be (6 - 5) + 1*104. Suppose 2*g = -g + o. Let q = g + -5. What are the prime factors of q?
2, 3, 5
Suppose 5*o - 4*n - 21 = -0*o, -3*n = -3. What are the prime factors of o?
5
Let g(p) = -4*p**2 - 12*p - 3. Let h be g(-2). Suppose -672 = -2*v - 4*w - 212, 4*w = h*v - 1220. What are the prime factors of v?
2, 3, 5
Suppose 2*d + 2*d + 3*c - 448 = 0, -2*d + 5*c + 224 = 0. Suppose -2*f + 2*s = -d, -7*f + 2*s = -4*f - 169. What are the prime factors of f?
3, 19
List the prime factors of ((-12)/10)/(132/(-18040)).
2, 41
What are the prime factors of (-1)/4 + (-44664)/(-96)?
3, 5, 31
Let z(s) = -s - 10. Let c be z(-15). Suppose -5*g + c = 4*a, -3*a = 5*g - 6*a - 5. Suppose -v = g, -4*v = -4*n + v + 133. List the prime factors of n.
2
Suppose 4*s - 27031 = -4063. What are the prime factors of s?
2, 3, 11, 29
Suppose 7*y - 11 = 10. Let p(u) = -29*u + 3. Let s be p(y). Let d = s + 142. List the prime factors of d.
2, 29
Let g be 131*-1*(2 - 3). Suppose -f + 5*t = -g, 0*t + 15 = -5*t. What are the prime factors of f?
2, 29
Let m(r) = r**2 + 10*r + 4. Let y be (-30)/2 - (0 - 2). List the prime factors of m(y).
43
Suppose -18*o + 18486 = 8*o. What are the prime factors of o?
3, 79
Let g(r) = 17*r + 2. Let v(p) = -51*p - 6. Suppose -3*n - 12 = -x, x = 3*x + 4*n - 4. Let z(b) = x*v(b) + 17*g(b). What are the prime factors of z(-2)?
2
Suppose -4*a + 2*x - 5*x = -35, -a + 5*x - 20 = 0. Let b = -8 + a. Let t(d) = 2*d**2 + 2*d + 3. List the prime factors of t(b).
3, 5
What are the prime factors of (-5 + 0)*(-4)/(-40)*-1686?
3, 281
Let y(t) = 18*t - 27. Let q be y(5). What are the prime factors of (-9)/q + (-344)/(-7)?
7
Suppose 24*v - 5385 - 7743 = 0. What are the prime factors of v?
547
Let z(t) = -2*t**2 + 6*t + 2. Let b be z(4). Let l(m) = 3*m**2 - 10*m - 9. Let n be l(b). Let q = n + -105. What are the prime factors of q?
2, 3
Suppose -w + 7 + 7 = 0. Let b = w + -11. List the prime factors of ((-96)/9)/(b/(-9)).
2
Let d be (-16)/(-12)*6/(-4). Let l(v) = -4*v - 4. Let h be l(d). List the prime factors of 9/(-18) + 102/h.
5
Let x(o) = -132*o. What are the prime factors of x(-2)?
2, 3, 11
Let k = 703 - -209. Suppose 4*m - 5*i - k = 0, 4*i - 228 = -m - 0*m. What are the prime factors of m?
2, 3, 19
Let s(n) = 7*n**2 + 12*n + 15. Let v(y) = -8*y**2 - 12*y - 16. Let a(l) = 7*s(l) + 6*v(l). Let o be a(-12). Suppose c - o = 9. List the prime factors of c.
2, 3
Let z(y) = -y**3 + 2*y - 1. Let v be z(-2). Suppose -v*l + 27 = 9. Suppose p = -a + l*a + 1, a = -3*p + 67. What are the prime factors of p?
3, 7
Suppose 29*c + 2072 - 14716 = 0. List the prime factors of c.
2, 109
Let j(u) = 36*u**3 + 3*u**2 - u - 1. Let k be j(1). Let t be ((-6)/(-4))/((-6)/(-64)). Let r = k - t. List the prime factors of r.
3, 7
Suppose n + 73 + 161 = 0. Let j = 385 + n. List the prime factors of j.
151
Let f = 1463 - 1444. What are the prime factors of f?
19
Let l(d) = d + 1. Let s be l(3). Let z = -118 - -118. Suppose -s*k - 35 + 103 = z. What are the prime factors of k?
17
Suppose 0 = -0*t + 3*t - 720. List the prime factors of t/9 + 2/(-3).
2, 13
Suppose -11*k + 189 = -1857. What are the prime factors of k?
2, 3, 31
Suppose -8 = -4*j - 0. Suppose l = z + 3, -11 + 2 = -z - j*l. Let x(t) = 9*t**2 + t. What are the prime factors of x(z)?
2, 5
Let p = 317 + 1824. What are the prime factors of p?
2141
Suppose -486 = -3*o + 204. What are the prime factors of o?
2, 5, 23
Suppose 5*l + 4*a + a + 30 = 0, 5*a = 4*l + 24. Suppose -j - 5*z = -46, j - 4*z = 6*j - 125. Let o = j + l. List the prime factors of o.
3, 5
Suppose 2*j - 8 = -0*j. Suppose 5*r = -j*g + 53, 2*r + 25 = 7*r. Suppose p + b - 11 = 0, p + g*b = 2*b + 31. What are the prime factors of p?
2, 3
Let h(u) = 6*u + 5. Let c be h(-1). List the prime factors of 6*c/(-6) + 50/2.
2, 13
Let m(f) = 2*f**2 + 10*f - 98. What are the prime factors of m(-11)?
2, 17
Let v(r) = -2*r - 5. Let s be v(-4). Suppose -4*y = 58 - 478. Suppose -s*w - y = -6*w. List the prime factors of w.
5, 7
Let q = 28 - 102. Let j = q + 168. What are the prime factors of j?
2, 47
Let u = -77 + 81. Suppose 3 = -2*a + 7, u*y - a = 642. What are the prime factors of y?
7, 23
Let t be 6 + 12 - (1 + -4). Suppose 5*d - 2*d = -t. Let p = d - -26. List the prime factors of p.
19
Let f = -107 + 62. Let y = 110 + f. What are the prime factors of y?
5, 13
Suppose 2*v = -4*f + 170, -2*v + f - 4*f + 172 = 0. Let k = v + -28. List the prime factors of k.
61
Suppose 11*y - 228